110170271.
1091, 100981
List the prime factors of 164209919.
17, 29, 397, 839
List the prime factors of 29209958.
2, 41, 356219
List the prime factors of 238151526.
2, 3, 3319, 11959
List the prime factors of 62885661.
3, 20961887
What are the prime factors of 166357721?
241, 690281
What are the prime factors of 6576594993?
3, 17, 42984281
What are the prime factors of 4011919458?
2, 3, 227, 2945609
List the prime factors of 24949686.
2, 3, 29, 223, 643
List the prime factors of 21636459.
3, 13, 19, 9733
List the prime factors of 98105116.
2, 233, 105263
List the prime factors of 116611791.
3, 431, 90187
List the prime factors of 130939846.
2, 31, 2111933
List the prime factors of 1172174906.
2, 7, 641, 130619
List the prime factors of 1132271590.
2, 5, 31, 907, 4027
What are the prime factors of 72745412?
2, 23, 79, 10009
List the prime factors of 70379626.
2, 17, 2069989
What are the prime factors of 21323142?
2, 3, 383, 1031
What are the prime factors of 1478587141?
41, 59, 71, 8609
What are the prime factors of 1691333123?
31, 1789, 30497
What are the prime factors of 70855455?
3, 5, 11, 429427
What are the prime factors of 863108321?
863108321
List the prime factors of 193990509.
3, 103, 209267
List the prime factors of 532391.
532391
What are the prime factors of 11872757?
13, 163, 431
List the prime factors of 368227211.
11, 5381, 6221
What are the prime factors of 116106589?
601, 193189
What are the prime factors of 197069868?
2, 3, 1824721
What are the prime factors of 76547634?
2, 3, 17, 23, 67, 487
List the prime factors of 889320304.
2, 55582519
What are the prime factors of 26745808?
2, 31, 53923
What are the prime factors of 223012212?
2, 3, 59, 314989
What are the prime factors of 74324388?
2, 3, 103, 60133
List the prime factors of 623966079.
3, 11, 17, 1112239
What are the prime factors of 369581525?
5, 359, 41179
List the prime factors of 289356714.
2, 3, 16075373
List the prime factors of 2278650333.
3, 463, 1640497
What are the prime factors of 18313706?
2, 9156853
List the prime factors of 20196760.
2, 5, 23, 29, 757
What are the prime factors of 43333386?
2, 3, 109, 173, 383
List the prime factors of 131120586.
2, 3, 2428159
What are the prime factors of 4072785645?
3, 5, 163, 1665761
What are the prime factors of 141243887?
53, 263, 10133
What are the prime factors of 21496708?
2, 5374177
List the prime factors of 34530372.
2, 3, 19, 2657
What are the prime factors of 858447555?
3, 5, 7, 17, 593, 811
What are the prime factors of 4701723126?
2, 3, 37, 21178933
What are the prime factors of 157064036?
2, 43, 47, 19429
What are the prime factors of 181621784?
2, 22702723
What are the prime factors of 135183?
3, 45061
What are the prime factors of 542888509?
8527, 63667
List the prime factors of 3662913160.
2, 5, 17, 316861
What are the prime factors of 28110025?
5, 19, 23, 31, 83
What are the prime factors of 594266118?
2, 3, 99044353
What are the prime factors of 154983806?
2, 157, 493579
What are the prime factors of 317953128?
2, 3, 13248047
List the prime factors of 4962245609.
31, 353, 547, 829
List the prime factors of 258166006.
2, 7, 467, 5641
What are the prime factors of 48010660?
2, 5, 23, 29, 59, 61
List the prime factors of 227880442.
2, 31, 101, 151, 241
List the prime factors of 531474168.
2, 3, 31, 809, 883
List the prime factors of 718184288.
2, 233, 96323
What are the prime factors of 18616941?
3, 7, 19, 103, 151
What are the prime factors of 50052506?
2, 7, 1733, 2063
What are the prime factors of 1709150334?
2, 3, 284858389
List the prime factors of 1956592957.
11, 23, 1151, 6719
What are the prime factors of 37639845?
3, 5, 23, 41, 887
What are the prime factors of 61833006?
2, 3, 3435167
List the prime factors of 52302946.
2, 503, 51991
List the prime factors of 73869950.
2, 5, 7, 11, 2741
List the prime factors of 123877662.
2, 3, 20646277
What are the prime factors of 406862537?
18371, 22147
What are the prime factors of 4809119054?
2, 43, 47, 269, 4423
What are the prime factors of 2632251230?
2, 5, 7, 31, 1213019
What are the prime factors of 713072363?
139, 5130017
What are the prime factors of 17354377?
89, 227, 859
List the prime factors of 81844029.
3, 1049, 8669
What are the prime factors of 444128641?
11, 4651, 8681
List the prime factors of 88664895.
3, 5, 11, 59707
List the prime factors of 5887105202.
2, 11, 17, 1430993
What are the prime factors of 354146446?
2, 177073223
List the prime factors of 90899920.
2, 5, 29, 39181
List the prime factors of 180361767.
3, 60120589
What are the prime factors of 304366353?
3, 101455451
What are the prime factors of 104125094?
2, 23, 31, 73019
What are the prime factors of 281336244?
2, 3, 7, 557, 859
List the prime factors of 204826507.
29, 911, 7753
What are the prime factors of 459102118?
2, 107, 2145337
List the prime factors of 3787250433.
3, 173, 1889, 3863
List the prime factors of 162369416.
2, 11, 59, 2843
List the prime factors of 4092383590.
2, 5, 19, 21538861
List the prime factors of 855551380.
2, 5, 19, 2251451
What are the prime factors of 215656963?
29, 7436447
List the prime factors of 694481225.
5, 27779249
What are the prime factors of 6472950?
2, 3, 5, 11, 3923
List the prime factors of 930771549.
3, 103419061
What are the prime factors of 963830539?
7, 19670011
What are the prime factors of 285161566?
2, 523, 272621
What are the prime factors of 15975948?
2, 3, 1331329
List the prime factors of 113327399.
521, 217519
What are the prime factors of 5999589044?
2, 967, 1551083
What are the prime factors of 1394826052?
2, 1789, 194917
List the prime factors of 173505704.
2, 21688213
What are the prime factors of 1037231036?
2, 43, 107, 56359
List the prime factors of 2823297708.
2, 3, 7, 11, 47, 65011
What are the prime factors of 7244094200?
2, 5, 7, 137, 179, 211
What are the prime factors of 6596060878?
2, 11, 59, 103, 479
List the prime factors of 271366363.
6983, 38861
List the prime factors of 4704477260.
2, 5, 7, 4800487
What are the prime factors of 176899133?
41, 467, 9239
What are the prime factors of 18415201?
7, 2630743
List the prime factors of 14651023.
23, 637001
List the prime factors of 513567468.
2, 3, 179, 79697
List the prime factors of 370746981.
3, 11, 19, 197101
List the prime factors of 735619602.
2, 3, 8707, 14081
List the prime factors of 2938709546.
2, 1469354773
What are the prime factors of 171834623?
17, 37, 273187
What are the prime factors of 1129717252?
2, 17, 31, 535919
What are the prime factors of 37749591?
3, 11, 127103
List the prime factors of 85177434.
2, 3, 14196239
List the prime factors of 11708601.
3, 53, 211, 349
List the prime factors of 273158999.
1117, 244547
What are the prime factors of 932681868?
2, 3, 43, 347, 5209
List the prime factors of 318882911.
13829, 23059
What are the prime factors of 302572966?
2, 151286483
What are the prime factors of 322250990?
2, 5, 5437, 5927
List the prime factors of 12872505.
3, 5, 858167
List the prime factors of 397300342.
2, 198650171
List the prime factors of 23105170.
2, 5, 11, 29, 7243
List the prime factors of 2922859023.
3, 7, 139183763
List the prime factors of 146500379.
173, 846823
What are the prime factors of 21655629?
3, 433, 5557
What are the prime factors of 317567146?
2, 13, 59, 241, 859
What are the prime factors of 3383203091?
3383203091
List the prime factors of 547270826.
2, 273635413
List the prime factors of 387265184.
2, 1453, 8329
List the prime factors of 51251542.
2, 241, 106331
List the prime factors of 92147371.
251, 367121
What are the prime factors of 712680777?
3, 79186753
List the prime factors of 1702549320.
2, 3, 5, 17, 241, 3463
List the prime factors of 194924612.
2, 48731153
List the prime factors of 205090342.
2, 102545171
List the prime factors of 38465490.
2, 3, 5, 7, 137, 191
List the prime factors of 45540246.
2, 3, 17, 446473
List the prime factors of 54821509.
137, 400157
What are the prime factors of 641242085?
5, 11, 227, 51361
What are the prime factors of 86586818?
2, 547, 79147
What are the prime factors of 116827368?
2, 3, 7, 41, 2423
List the prime factors of 8907266.
2, 787, 5659
List the prime factors of 383176585.
5, 11, 31, 224737
What are the prime factors of 6035993689?
11, 548726699
Wha